{"id":2939,"date":"2018-05-17T18:50:01","date_gmt":"2018-05-17T16:50:01","guid":{"rendered":"https:\/\/www.zsnovarole.cz\/?page_id=2939"},"modified":"2018-05-17T18:50:01","modified_gmt":"2018-05-17T16:50:01","slug":"stravovani-ve-skolach-a-skolkach-zdarma","status":"publish","type":"page","link":"https:\/\/www.zsnovarole.cz\/?page_id=2939","title":{"rendered":"Stravov\u00e1n\u00ed ve \u0161kol\u00e1ch a \u0161kolk\u00e1ch zdarma"},"content":{"rendered":"<p><a href=\"https:\/\/www.zsnovarole.cz\/wp-content\/uploads\/2018\/05\/ob\u011bdy-ve-\u0161kol\u00e1ch.jpg\"><img decoding=\"async\" loading=\"lazy\" class=\"alignnone size-large wp-image-2937\" src=\"https:\/\/www.zsnovarole.cz\/wp-content\/uploads\/2018\/05\/ob\u011bdy-ve-\u0161kol\u00e1ch-745x1024.jpg\" alt=\"\" width=\"745\" height=\"1024\" srcset=\"https:\/\/www.zsnovarole.cz\/wp-content\/uploads\/2018\/05\/ob\u011bdy-ve-\u0161kol\u00e1ch-745x1024.jpg 745w, https:\/\/www.zsnovarole.cz\/wp-content\/uploads\/2018\/05\/ob\u011bdy-ve-\u0161kol\u00e1ch-218x300.jpg 218w, https:\/\/www.zsnovarole.cz\/wp-content\/uploads\/2018\/05\/ob\u011bdy-ve-\u0161kol\u00e1ch-768x1056.jpg 768w, https:\/\/www.zsnovarole.cz\/wp-content\/uploads\/2018\/05\/ob\u011bdy-ve-\u0161kol\u00e1ch.jpg 1700w\" sizes=\"(max-width: 745px) 100vw, 745px\" \/><\/a><\/p>\n","protected":false},"excerpt":{"rendered":"","protected":false},"author":2,"featured_media":0,"parent":142,"menu_order":0,"comment_status":"closed","ping_status":"closed","template":"","meta":[],"_links":{"self":[{"href":"https:\/\/www.zsnovarole.cz\/index.php?rest_route=\/wp\/v2\/pages\/2939"}],"collection":[{"href":"https:\/\/www.zsnovarole.cz\/index.php?rest_route=\/wp\/v2\/pages"}],"about":[{"href":"https:\/\/www.zsnovarole.cz\/index.php?rest_route=\/wp\/v2\/types\/page"}],"author":[{"embeddable":true,"href":"https:\/\/www.zsnovarole.cz\/index.php?rest_route=\/wp\/v2\/users\/2"}],"replies":[{"embeddable":true,"href":"https:\/\/www.zsnovarole.cz\/index.php?rest_route=%2Fwp%2Fv2%2Fcomments&post=2939"}],"version-history":[{"count":1,"href":"https:\/\/www.zsnovarole.cz\/index.php?rest_route=\/wp\/v2\/pages\/2939\/revisions"}],"predecessor-version":[{"id":2940,"href":"https:\/\/www.zsnovarole.cz\/index.php?rest_route=\/wp\/v2\/pages\/2939\/revisions\/2940"}],"up":[{"embeddable":true,"href":"https:\/\/www.zsnovarole.cz\/index.php?rest_route=\/wp\/v2\/pages\/142"}],"wp:attachment":[{"href":"https:\/\/www.zsnovarole.cz\/index.php?rest_route=%2Fwp%2Fv2%2Fmedia&parent=2939"}],"curies":[{"name":"wp","href":"https:\/\/api.w.org\/{rel}","templated":true}]}}