{"id":5562,"date":"2022-11-04T08:51:35","date_gmt":"2022-11-04T07:51:35","guid":{"rendered":"https:\/\/www.zsnovarole.cz\/?page_id=5562"},"modified":"2024-12-12T10:19:41","modified_gmt":"2024-12-12T09:19:41","slug":"salatovy-bar-novinka","status":"publish","type":"page","link":"https:\/\/www.zsnovarole.cz\/?page_id=5562","title":{"rendered":"Sal\u00e1tov\u00fd bar"},"content":{"rendered":"<p>Od \u0159\u00edjna 2022 m\u00e1me nov\u00fd sal\u00e1tov\u00fd samoobslu\u017en\u00fd bar.<\/p>\n<p>Sal\u00e1tov\u00fd bar je nab\u00edzen cca 2x\u00a0 v t\u00fddnu, dle finan\u010dn\u00edch mo\u017enost\u00ed.<\/p>\n<p>T\u00edmto se sna\u017e\u00edme p\u0159ibl\u00ed\u017eit trend\u016fm modern\u00edho stravov\u00e1n\u00ed, zpest\u0159it \u017e\u00e1k\u016fm jejich j\u00eddeln\u00ed\u010dek a p\u0159isp\u011bt ke zdrav\u011bj\u0161\u00edmu \u017eivotn\u00edmu stylu.<\/p>\n<p>&nbsp;<\/p>\n<h3><span style=\"color: #0000ff;\">Z\u00c1KLADN\u00cd PRAVIDLA SAL\u00c1TOV\u00c9HO BARU<\/span><\/h3>\n<ul>\n<li>vyb\u00edr\u00e1m s rozvahou<\/li>\n<li>naberu si mno\u017estv\u00ed, o kter\u00e9m v\u00edm, \u017ee sn\u00edm<\/li>\n<li>p\u0159i manipulaci se chov\u00e1m ohledupln\u011b, hospod\u00e1rn\u011b a s d\u016frazem na hygienu<\/li>\n<li>obsah sal\u00e1tov\u00e9ho baru je ur\u010den k p\u0159\u00edm\u00e9 spot\u0159eb\u011b ve \u0161koln\u00ed j\u00eddeln\u011b<\/li>\n<\/ul>\n<p>&nbsp;<\/p>\n<p>&nbsp;<\/p>\n<p><a href=\"https:\/\/www.zsnovarole.cz\/wp-content\/uploads\/2022\/11\/IMG_20221102_111135-scaled.jpg\"><img decoding=\"async\" loading=\"lazy\" class=\"size-medium wp-image-5563 aligncenter\" src=\"https:\/\/www.zsnovarole.cz\/wp-content\/uploads\/2022\/11\/IMG_20221102_111135-225x300.jpg\" alt=\"\" width=\"225\" height=\"300\" srcset=\"https:\/\/www.zsnovarole.cz\/wp-content\/uploads\/2022\/11\/IMG_20221102_111135-225x300.jpg 225w, https:\/\/www.zsnovarole.cz\/wp-content\/uploads\/2022\/11\/IMG_20221102_111135-768x1024.jpg 768w, https:\/\/www.zsnovarole.cz\/wp-content\/uploads\/2022\/11\/IMG_20221102_111135-1152x1536.jpg 1152w, https:\/\/www.zsnovarole.cz\/wp-content\/uploads\/2022\/11\/IMG_20221102_111135-1536x2048.jpg 1536w, https:\/\/www.zsnovarole.cz\/wp-content\/uploads\/2022\/11\/IMG_20221102_111135-scaled.jpg 1920w\" sizes=\"(max-width: 225px) 100vw, 225px\" \/><\/a><\/p>\n<p><a href=\"https:\/\/www.zsnovarole.cz\/wp-content\/uploads\/2022\/11\/IMG_20221102_111159-scaled.jpg\"><img decoding=\"async\" loading=\"lazy\" class=\"size-medium wp-image-5564 aligncenter\" src=\"https:\/\/www.zsnovarole.cz\/wp-content\/uploads\/2022\/11\/IMG_20221102_111159-300x225.jpg\" alt=\"\" width=\"300\" height=\"225\" srcset=\"https:\/\/www.zsnovarole.cz\/wp-content\/uploads\/2022\/11\/IMG_20221102_111159-300x225.jpg 300w, https:\/\/www.zsnovarole.cz\/wp-content\/uploads\/2022\/11\/IMG_20221102_111159-1024x768.jpg 1024w, https:\/\/www.zsnovarole.cz\/wp-content\/uploads\/2022\/11\/IMG_20221102_111159-768x576.jpg 768w, https:\/\/www.zsnovarole.cz\/wp-content\/uploads\/2022\/11\/IMG_20221102_111159-1536x1152.jpg 1536w, https:\/\/www.zsnovarole.cz\/wp-content\/uploads\/2022\/11\/IMG_20221102_111159-2048x1536.jpg 2048w\" sizes=\"(max-width: 300px) 100vw, 300px\" \/><\/a><\/p>\n","protected":false},"excerpt":{"rendered":"<p>Od \u0159\u00edjna 2022 m\u00e1me nov\u00fd sal\u00e1tov\u00fd samoobslu\u017en\u00fd bar. Sal\u00e1tov\u00fd bar je nab\u00edzen cca 2x\u00a0 v t\u00fddnu, dle finan\u010dn\u00edch mo\u017enost\u00ed. T\u00edmto se sna\u017e\u00edme p\u0159ibl\u00ed\u017eit trend\u016fm modern\u00edho stravov\u00e1n\u00ed, zpest\u0159it \u017e\u00e1k\u016fm jejich j\u00eddeln\u00ed\u010dek a p\u0159isp\u011bt ke zdrav\u011bj\u0161\u00edmu \u017eivotn\u00edmu stylu. &nbsp; Z\u00c1KLADN\u00cd PRAVIDLA SAL\u00c1TOV\u00c9HO BARU vyb\u00edr\u00e1m s rozvahou naberu si mno\u017estv\u00ed, o kter\u00e9m v\u00edm, \u017ee sn\u00edm p\u0159i manipulaci se chov\u00e1m ohledupln\u011b, hospod\u00e1rn\u011b a s<\/p>\n","protected":false},"author":4,"featured_media":0,"parent":93,"menu_order":0,"comment_status":"closed","ping_status":"closed","template":"","meta":[],"_links":{"self":[{"href":"https:\/\/www.zsnovarole.cz\/index.php?rest_route=\/wp\/v2\/pages\/5562"}],"collection":[{"href":"https:\/\/www.zsnovarole.cz\/index.php?rest_route=\/wp\/v2\/pages"}],"about":[{"href":"https:\/\/www.zsnovarole.cz\/index.php?rest_route=\/wp\/v2\/types\/page"}],"author":[{"embeddable":true,"href":"https:\/\/www.zsnovarole.cz\/index.php?rest_route=\/wp\/v2\/users\/4"}],"replies":[{"embeddable":true,"href":"https:\/\/www.zsnovarole.cz\/index.php?rest_route=%2Fwp%2Fv2%2Fcomments&post=5562"}],"version-history":[{"count":10,"href":"https:\/\/www.zsnovarole.cz\/index.php?rest_route=\/wp\/v2\/pages\/5562\/revisions"}],"predecessor-version":[{"id":7450,"href":"https:\/\/www.zsnovarole.cz\/index.php?rest_route=\/wp\/v2\/pages\/5562\/revisions\/7450"}],"up":[{"embeddable":true,"href":"https:\/\/www.zsnovarole.cz\/index.php?rest_route=\/wp\/v2\/pages\/93"}],"wp:attachment":[{"href":"https:\/\/www.zsnovarole.cz\/index.php?rest_route=%2Fwp%2Fv2%2Fmedia&parent=5562"}],"curies":[{"name":"wp","href":"https:\/\/api.w.org\/{rel}","templated":true}]}}