{"id":67,"date":"2015-09-30T10:43:30","date_gmt":"2015-09-30T08:43:30","guid":{"rendered":"http:\/\/www.zsnovarole.cz\/?page_id=67"},"modified":"2022-12-14T11:37:50","modified_gmt":"2022-12-14T10:37:50","slug":"o-nas","status":"publish","type":"page","link":"https:\/\/www.zsnovarole.cz\/?page_id=67","title":{"rendered":"O N\u00c1S"},"content":{"rendered":"<p><a name=\"_Toc430330949\"><\/a>Charakteristika \u0161koly<strong>: <\/strong><\/p>\n<ul>\n<li>Jsme z\u00e1kladn\u00ed \u0161kola, kde \u017e\u00e1ci pln\u00ed 9 let povinn\u00e9 \u0161koln\u00ed doch\u00e1zky.<\/li>\n<li>V\u0161echny ro\u010dn\u00edky maj\u00ed 1 &#8211; 2 t\u0159\u00eddy v po\u010dtu 15 &#8211; 28 \u017e\u00e1k\u016f na t\u0159\u00eddu.<\/li>\n<li>Sp\u00e1dovou oblast \u0161koly tvo\u0159\u00ed m\u011bsto Nov\u00e1 Role s\u00a0osadami Mezirol\u00ed a Jiml\u00edkov. Do \u0161koly d\u00e1le doj\u00ed\u017ed\u011bj\u00ed i d\u011bti z Bo\u017ei\u010dan, D\u011bpoltovic, Karlov\u00fdch Var, Smoln\u00fdch Pec\u00ed, Vysok\u00e9 Pece ad.<\/li>\n<li>\u0160koln\u00ed vzd\u011bl\u00e1vac\u00ed program: <strong>NOV\u00c1 ROLE U\u010cITELE, NOV\u00c1 ROLE \u017d\u00c1KA.<\/strong><\/li>\n<li>Ka\u017ed\u00e1 t\u0159\u00edda m\u00e1 svoji kmenovou u\u010debnu.<\/li>\n<li>Odborn\u00e9 u\u010debny: Fyzika a Chemie, u\u010debna Vv a Hv, dv\u011b jazykov\u00e9 u\u010debny s\u00a0interaktivn\u00edmi tabulemi, dv\u011b multimedi\u00e1ln\u00ed u\u010debny s\u00a0interaktivn\u00edmi tabulemi a dv\u011b po\u010d\u00edta\u010dov\u00e9 u\u010debny s\u00a0interaktivn\u00edmi tabulemi, nov\u011b vytvo\u0159en\u00e9 u\u010debny P\u0159\u00edrodopisu a \u010cesk\u00e9ho jazyka.<\/li>\n<li>Prostorov\u00e9, materi\u00e1ln\u00ed a hygienick\u00e9 podm\u00ednky \u0161koly umo\u017e\u0148uj\u00ed pln\u011bn\u00ed \u0160VP bez omezen\u00ed.<\/li>\n<li>Hlavn\u00edm\u00a0c\u00edlem \u0161koly je poskytnout \u017e\u00e1k\u016fm z\u00e1kladn\u00ed vzd\u011bl\u00e1n\u00ed a obecn\u00fd p\u0159ehled o sv\u011bt\u011b, nau\u010dit je u\u010dit se a rozvinout jejich komunika\u010dn\u00ed dovednosti v mate\u0159sk\u00e9m jazyce, ve dvou ciz\u00edch jazyc\u00edch a i na poli digit\u00e1ln\u00edm.<\/li>\n<li>\u0160kola se sna\u017e\u00ed v\u0161t\u00edpit \u017e\u00e1k\u016fm, \u017ee maj\u00ed nejen sv\u00e1 nepopirateln\u00e1 pr\u00e1va, ale i povinnosti, kter\u00e9 by m\u011bli dodr\u017eovat.<\/li>\n<li>V\u00fdchovou k toleranci se \u0161kola sna\u017e\u00ed vychovat \u017e\u00e1ky, kte\u0159\u00ed se dok\u00e1\u017e\u00ed navz\u00e1jem respektovat, ale i pomoci jeden druh\u00e9mu.<\/li>\n<li>Po dohod\u011b byla rodi\u010d\u016fm v\u017edy umo\u017en\u011bna n\u00e1v\u0161t\u011bva ve vyu\u010dovac\u00ed hodin\u011b.<\/li>\n<li>\u0160kola je zapojena do projektu AKTIVN\u00cd \u0160KOLA &#8211; vyu\u010duj\u00edc\u00ed maj\u00ed k\u00a0dispozici v\u00fdukov\u00e9 materi\u00e1ly a testy \u2013 v\u0161e slou\u017e\u00ed ke zv\u00fd\u0161en\u00ed \u00farovn\u011b vzd\u011bl\u00e1v\u00e1n\u00ed ve \u0161kole.<\/li>\n<li>Pracujeme na zapojen\u00ed do projektu RODI\u010cE V\u00cdT\u00c1NI.<\/li>\n<li>Vyu\u010duj\u00edc\u00ed poskytuj\u00ed rodi\u010d\u016fm i \u017e\u00e1k\u016fm individu\u00e1ln\u00ed konzultace v\u017edy dle domluvy.<\/li>\n<li>Pravideln\u011b prob\u00edhaj\u00ed t\u0159\u00eddn\u00ed sch\u016fzky a celo\u0161koln\u00ed konzultace formou pohovor\u016f s\u00a0rodi\u010di.<\/li>\n<li>Prioritou \u0161koly je vychov\u00e1vat samostatn\u00e9 a c\u00edlev\u011bdom\u00e9 \u017e\u00e1ky se z\u00e1kladn\u00edm glob\u00e1ln\u00edm p\u0159ehledem ve v\u0161ech vzd\u011bl\u00e1van\u00fdch oblastech.<\/li>\n<\/ul>\n","protected":false},"excerpt":{"rendered":"<p>Charakteristika \u0161koly: Jsme z\u00e1kladn\u00ed \u0161kola, kde \u017e\u00e1ci pln\u00ed 9 let povinn\u00e9 \u0161koln\u00ed doch\u00e1zky. V\u0161echny ro\u010dn\u00edky maj\u00ed 1 &#8211; 2 t\u0159\u00eddy v po\u010dtu 15 &#8211; 28 \u017e\u00e1k\u016f na t\u0159\u00eddu. Sp\u00e1dovou oblast \u0161koly tvo\u0159\u00ed m\u011bsto Nov\u00e1 Role s\u00a0osadami Mezirol\u00ed a Jiml\u00edkov. Do \u0161koly d\u00e1le doj\u00ed\u017ed\u011bj\u00ed i d\u011bti z Bo\u017ei\u010dan, D\u011bpoltovic, Karlov\u00fdch Var, Smoln\u00fdch Pec\u00ed, Vysok\u00e9 Pece ad. \u0160koln\u00ed vzd\u011bl\u00e1vac\u00ed program: NOV\u00c1 ROLE<\/p>\n","protected":false},"author":1,"featured_media":0,"parent":0,"menu_order":1,"comment_status":"closed","ping_status":"closed","template":"","meta":[],"_links":{"self":[{"href":"https:\/\/www.zsnovarole.cz\/index.php?rest_route=\/wp\/v2\/pages\/67"}],"collection":[{"href":"https:\/\/www.zsnovarole.cz\/index.php?rest_route=\/wp\/v2\/pages"}],"about":[{"href":"https:\/\/www.zsnovarole.cz\/index.php?rest_route=\/wp\/v2\/types\/page"}],"author":[{"embeddable":true,"href":"https:\/\/www.zsnovarole.cz\/index.php?rest_route=\/wp\/v2\/users\/1"}],"replies":[{"embeddable":true,"href":"https:\/\/www.zsnovarole.cz\/index.php?rest_route=%2Fwp%2Fv2%2Fcomments&post=67"}],"version-history":[{"count":5,"href":"https:\/\/www.zsnovarole.cz\/index.php?rest_route=\/wp\/v2\/pages\/67\/revisions"}],"predecessor-version":[{"id":827,"href":"https:\/\/www.zsnovarole.cz\/index.php?rest_route=\/wp\/v2\/pages\/67\/revisions\/827"}],"wp:attachment":[{"href":"https:\/\/www.zsnovarole.cz\/index.php?rest_route=%2Fwp%2Fv2%2Fmedia&parent=67"}],"curies":[{"name":"wp","href":"https:\/\/api.w.org\/{rel}","templated":true}]}}